s + 5, -3*s + 1 + 4 = 2*w. What is the units digit of v(w)?
2
What is the tens digit of (-16)/96 - 8071/(-6)?
4
Suppose 0 = -2*a + 5*i, -6*i = 2*a - 2*i. Suppose -4*k + 12 + 84 = a. Suppose -21 - k = -5*p. What is the units digit of p?
9
Let d(n) = 10*n**3 - 2*n + 1. Let c be d(1). Suppose 0 = -c*g + 7*g + 14. Suppose g + 17 = 2*i + 4*w, -w = 4*i - 27. What is the units digit of i?
6
Let y(v) = 2*v. Let x be y(2). Suppose -1 = n - 2*s, -3*n + 6 = -s + x*s. What is the tens digit of (-1)/n - (4 - 17)?
1
What is the units digit of (45/30)/(3/382)?
1
Let n(k) = k**2 - 18*k + 4. Let s be n(8). Let v = s + 217. What is the units digit of v?
1
Let j(y) = 250*y**2 + 2*y + 3. Suppose -n - 4*b = 13 + 4, -2*n = -5*b - 18. What is the tens digit of j(n)?
5
Let a(z) = 3*z**2 + 8*z + 7. Let v be a(-1). Suppose v*j = p - 65, -j - 2*j = 0. What is the tens digit of p?
6
Suppose -5*x + q = 1, 5*x + 2 = 2*q - 0*q. Suppose -2*b + 10*b - 136 = x. What is the tens digit of b?
1
Suppose 4*n + 5*o + 460 = n, -294 = 2*n - 3*o. What is the hundreds digit of ((-138)/15)/((65/n)/13)?
2
Let v(r) = -3*r**2 + 3*r + 3. Let j be v(3). Let z = -40 - -79. Let o = z + j. What is the tens digit of o?
2
Suppose -3*o + 9*l - 5*l + 2544 = 0, 0 = 4*l - 12. What is the hundreds digit of o?
8
Let a(x) = 49*x + 580. What is the hundreds digit of a(50)?
0
Let m be ((-42)/8)/((-4)/(-16)). Let h be 14/m - (-78)/9. Suppose h*l - 4*l = 108. What is the tens digit of l?
2
Let u be ((-2)/(-2))/((-14)/(-56)). Let o = u + 4. What is the units digit of o?
8
Let u(h) = 45*h + 124. What is the units digit of u(13)?
9
Suppose -15125 = -18*m + 7*m. What is the tens digit of m?
7
Let h(w) = 11*w - 2. Let g(j) = 1. Let b(f) = 6*g(f) - h(f). What is the tens digit of b(-5)?
6
Let c = 4433 - 641. What is the thousands digit of c?
3
Suppose 0 = 4*x - 4*t - 456, -5*x - 2*t + 107 + 477 = 0. Suppose 26*v - 30*v = -x. What is the units digit of v?
9
What is the units digit of 5826/8 - (-24)/32?
9
What is the units digit of -2 + 5 + -1 + (-2036)/(-4)?
1
Let h be ((-9)/6)/(9/(-78)). Let m be (-5)/5 + -3 + h. Suppose -a + m*a = 600. What is the units digit of a?
5
Suppose 4*n - 735 = -51. Let g = 368 - n. What is the units digit of g?
7
Suppose 2*r = -5*j - 20, -5*j - 8 = 12. Suppose s + 5*b - 51 = r, 0 = -3*s - 5*b - 54 + 257. What is the units digit of s?
6
Let l be 1 + 4*35/20. Let y(p) = 2*p + 2*p - 3*p + 11. What is the tens digit of y(l)?
1
Let g(m) = -m - 1. Let x be g(-5). Let c = x + -3. What is the tens digit of 30/(-8)*(-9 + c)?
3
Suppose 2*m - h = 79, 3*h + h + 160 = 4*m. Suppose -2*f + 5*c = -0*f - m, c = -1. What is the units digit of f?
7
Suppose 2*i + 3*a - 44 = 1002, 2*i - 1022 = 3*a. What is the units digit of i?
7
Let j = -4902 + 7639. What is the thousands digit of j?
2
Let c be 3/(-4) - (-7775)/20. Suppose 4*d = 56 + c. What is the units digit of d?
1
Suppose -5*t + 3620 = 1165. What is the units digit of t?
1
Suppose 4*g - 15 = -2*v + 11, -g - 3*v = -14. Suppose 4*i - g*d - 19 = 0, 0*i - 11 = i + 4*d. Suppose 2*h - 19 = -t, -2*h - 3 = -i. What is the tens digit of t?
2
Let q = 328 - 122. What is the hundreds digit of q?
2
Let f = 123 + -19. Let k(q) = 3*q**3 - q**2 + 9*q - 14. Let j be k(2). Suppose 4*n + j = f. What is the units digit of n?
0
Let h(s) = -11*s + 17. Let d(g) = 5*g - 8. Let y(p) = -7*d(p) - 4*h(p). What is the units digit of y(6)?
2
Let a(l) = 26*l**2 - 32*l + 68. Let g(t) = -9*t**2 + 11*t - 23. Let h(x) = 4*a(x) + 11*g(x). What is the tens digit of h(7)?
1
Suppose 4*p = 26 + 38. Suppose 0 = 7*f - 3*f - p. Suppose -f*h - 3*l - 2*l + 60 = 0, -3*l + 45 = 3*h. What is the units digit of h?
5
Suppose 2208 = 5*n + 113. Suppose 5*z + n = 4*p + 166, -2*p + 3*z + 127 = 0. What is the units digit of p?
2
Let p(y) = y**3 + 11*y**2 - 68*y + 14. What is the hundreds digit of p(-13)?
5
Let w(o) = -o**2 - 13*o - 22. Let n be w(-5). Let m = n - -141. What is the units digit of m?
9
Suppose -22*y - 2491 = -2*v - 19*y, -y = 5*v - 6236. What is the tens digit of v?
4
Let o(s) = s**2 - 8*s. Let q be o(7). Let h = 50 + q. Suppose -4*d + 105 + h = 0. What is the units digit of d?
7
Suppose -2*k + 50 = -3*o, -5*o + 3*o = 4. Let a be k*(-3)/12*-2. Suppose a*v + 88 = 15*v. What is the tens digit of v?
2
Suppose 0 = 4*f - 0*y + y + 105, -82 = 3*f + 4*y. Let p = -18 - f. What is the units digit of p?
8
Suppose 0 = -6*u + 7*u + 6. Let c(q) = -40*q - 6. What is the tens digit of c(u)?
3
Let l = 64 - 73. What is the units digit of l/((-711)/(-240) - 3)?
0
Let g(t) = -2*t + 111. What is the units digit of g(27)?
7
Let i(a) = -65*a**3 - a**2 + 10. What is the tens digit of i(-4)?
5
What is the thousands digit of ((-2156)/(-8))/((-7)/(-70) - 0)?
2
Suppose -2*n = -3*j - 133, -6*j + 3*j - 9 = 0. Suppose -18 = -2*y + n. Let i = 61 - y. What is the units digit of i?
1
Suppose 5*z - 5*d = -65, 5*z - 8*z = d + 27. Let j(r) = -7*r + 10. What is the units digit of j(z)?
0
Let h(r) = -5*r - 8 - r**2 + 2 - 3*r. Let v be h(-6). Suppose 2*i = -3*c + 19, -c + v*c = 4*i + 17. What is the units digit of c?
5
Let b be (32/(-12))/(2/(-72)). Let i = 137 - b. What is the units digit of i?
1
Suppose 9 = 3*x - 2*c, 3*x + 2*x = -3*c + 15. Suppose -6*z = l - 2*z - 968, -x*z - 6 = 0. What is the units digit of 6/(-27) - l/(-18)?
4
Let h be 0/(-3 - (1 + -3)). Suppose h = r - 0 - 4. What is the units digit of r*(1/2)/1?
2
Let k(n) = -6*n**3 - 8*n**2 + 10*n - 15. What is the hundreds digit of k(-5)?
4
Let z be 2/(-4)*(0 - 0). Let o(s) = s**3 + 13*s**2 - 3*s + 19. Let b be o(-13). Suppose -4*h + 2*g + b = z, 0*h - 5*g = h - 31. What is the tens digit of h?
1
Let p(n) = -4*n + 12. Let i be p(-7). Let g = -32 + i. What is the units digit of g?
8
Let h be (-22)/6 + 7/(-84)*4. What is the units digit of 34*(h - (5 - 13))?
6
What is the tens digit of (16 - 523)*4/(-3)?
7
Let i be ((-6)/4)/(1/(-2)). Suppose -3*x - i = 12, -3*j = -2*x - 307. What is the tens digit of j?
9
Suppose -9*k + 15360 = 3*k. What is the units digit of k?
0
Let f(l) = 53*l + 225. What is the units digit of f(11)?
8
Let p = -47 + 213. Let k = -75 + p. What is the units digit of k?
1
Let k(x) = 3*x**3 - 5*x**2 + x - 14. Let s(a) = 2 + a**2 + 2*a**3 + 0 - a**3 - 3. Let o(u) = -k(u) + 4*s(u). What is the tens digit of o(-9)?
1
Let s be 2 + (-87)/(-6)*52. Suppose -476 = -5*d + 3*u + 296, 0 = -5*d - u + s. Suppose -d = 4*q - 8*q. What is the units digit of q?
8
Let l be (-2)/(-3) + (-87)/9. Let h(u) = -u - 6. Let b be h(l). Suppose 2*q - 47 = -5*f, -b*q + 5*f + 7 + 101 = 0. What is the units digit of q?
1
Suppose -601 = -10*p + 99. What is the units digit of p?
0
Let j(q) = -5*q - 9. Let g be j(-3). Suppose 676 = g*l + 10. What is the hundreds digit of l?
1
What is the thousands digit of ((-56)/(-20))/((-8)/(-20)) + 2627?
2
Let j = -90 + 332. What is the tens digit of j?
4
Suppose 2*f - 100 = -88. Suppose -310 = g - f*g. What is the units digit of g?
2
Suppose 6*w - 235 = 3293. What is the hundreds digit of w?
5
Let n = 1388 - 949. What is the tens digit of n?
3
Suppose 3*t - 9282 = -279. What is the hundreds digit of t?
0
Let h(d) = -22*d**2 - 3*d - 1. Let b be h(2). Let y = -54 - b. Let p = 102 - y. What is the units digit of p?
1
Let b(s) be the third derivative of 3*s**4/4 - 3*s**3 - 12*s**2. Let a be b(7). Suppose -2*u + a = 38. What is the units digit of u?
5
Let s = 344 + -65. Suppose 4*h - 5*y - 230 = 0, -4*y = -5*h - 2*y + s. What is the units digit of h?
5
Let a(s) = -s**2 + 4*s + 33. Let g be a(8). Let j(k) = 106*k**3 + k**2 - k. What is the hundreds digit of j(g)?
1
Suppose 0 = -3*c + 18 + 9. Let k = c - 4. Suppose -k*t = -3*t - 10. What is the units digit of t?
5
Let i = -215 - -729. What is the hundreds digit of i?
5
Let g(m) = -46*m - 114. What is the tens digit of g(-15)?
7
Let g(v) = v**2 + 12*v + 3. Let l be g(-12). Suppose 2*d + 65 = 3*d - l*o, 100 = 2*d + 4*o. Suppose -34 - d = -3*j. What is the units digit of j?
0
Suppose -6245 = -5*p - 1410. What is the hundreds digit of p?
9
Let m(c) = 219*c**2 + 3*c + 3. What is the tens digit of m(-1)?
1
What is the units digit of (3864/84)/(1/10)?
0
Suppose 0*r - 2*w = r - 449, -r + 5*w + 477 = 0. What is the hundreds digit of r?
4
Let a = 487 - 303. Suppose -n + a = 3*n. What is the units digit of n?
6
Let